 75*o**2 + 68*o. What is the thousands digit of u(14)?
5
Let c be 31*200/3 + 99/297. Suppose -3 = w, -5*r - 5*w + c = -4*w. What is the hundreds digit of r?
4
Let b(t) = 9632*t + 7772. What is the tens digit of b(3)?
6
Suppose 24942 = 13*h + 4480. Let y = -1006 + h. What is the units digit of y?
8
Suppose 0 = -32*g + 7950 + 4690. Suppose 0 = -4*f + 253 + g. What is the units digit of f?
2
What is the hundreds digit of (17 + 62928/80)*10/4?
0
Suppose -w - 38 = -2*i, 5*i = i + 5*w + 82. Let z be (-40 - -1)/((-27)/i). Suppose 2*o - 2*g = 14, 4*o = 2*o - g + z. What is the units digit of o?
1
Suppose 15360 = -0*z - 5*z. What is the tens digit of ((-3)/(-6))/((-2)/z)?
6
Let z = -476 - -476. Suppose z*n + 3*v = -n + 502, -5*n - v = -2440. What is the units digit of n?
7
Suppose -49*t = -57*t + 282086 + 197386. What is the ten thousands digit of t?
5
Suppose -1 + 121 = 12*q. Suppose -q*v = -16*v + 54. What is the tens digit of 0 + v/3 + (180 - -10)?
9
Let n(r) = 21*r - 12. Let g(y) = 1. Let l(p) = -2*g(p) - n(p). Let d = -193 + 189. What is the units digit of l(d)?
4
Let s(w) = 1196*w - 152. What is the units digit of s(7)?
0
Let g be 1*549*(-54)/81. Let j = 591 - g. What is the hundreds digit of j?
9
Let d(p) = 43*p + 8*p**3 - 14*p**2 + 0*p - 19*p**3 + 10*p**3 + 28. What is the hundreds digit of d(-18)?
5
Let l(z) = 15*z**2 + 99*z + 139. What is the units digit of l(-46)?
5
Let s = 9818 - 5086. What is the thousands digit of s?
4
Let u(r) be the second derivative of -71*r**3/6 - 43*r**2/2 - 54*r + 1. What is the tens digit of u(-13)?
8
Let m(p) = -1190*p - 383. What is the tens digit of m(-21)?
0
Suppose -3165*x + 3162*x + 2*w = -92188, -4*x - 5*w = -122925. What is the thousands digit of x?
0
Let q be (-63 + (-18)/6)*(-29)/3. Suppose 0 = 37*k - 39*k + q. What is the hundreds digit of k?
3
Suppose -41*k = -24*k - 74494. What is the hundreds digit of k?
3
Let t = 6137 - -3898. What is the hundreds digit of t?
0
Let z(q) = -3*q**3 + 3*q**2 + 10*q - 20. Let p be z(-7). What is the units digit of (-4)/3 + p/(-108)*-6?
9
Suppose -2*u + 7751 = -4*y - 10175, -4*u + 6*y = -35840. What is the tens digit of u?
5
Suppose -121 - 107 = -6*b. Suppose -o = -25 - b. What is the units digit of o?
3
Let k(y) = 54*y + 10. Let b(j) = j + 1. Let g(p) = 5*b(p) - k(p). What is the tens digit of g(-7)?
3
Suppose -472 = -6*a + 710. Let k = 340 - a. Let g = 280 - k. What is the units digit of g?
7
Suppose -2*i = -8, 4*g - 53262 = 5*i - 3398. What is the ten thousands digit of g?
1
Let c(h) = -4*h**3 + 2*h**2 - h - 2. Let l be c(-1). Suppose -4*a = -u - 6, 1 = -l*a - 5*u + 21. What is the tens digit of 3 - (a*12)/(-3)?
1
Let f(j) = -7*j**3 - 9*j**2 - 20*j + 3. Let u be f(-5). Let h = u + -452. What is the tens digit of h?
0
Let u(l) = -l**2 + 19*l + 3. Let h be u(19). Let j be (-1573)/33 - 1/h. Let f = 156 + j. What is the units digit of f?
8
Suppose 77 = l + 6*l. Suppose -l*o = -4*o - 1757. Suppose -3*a + 125 = 5*z, -49 = 5*a + 2*z - o. What is the units digit of a?
0
Let c(a) = -2*a**3 + a**2 + a. Let u(p) = -453*p**3 + 10*p**2 + 11*p + 1. Let m(y) = -6*c(y) + u(y). What is the hundreds digit of m(-1)?
4
Suppose 28 + 17 = 3*d. What is the units digit of 295/d*3 - 2?
7
Suppose 22661*n = 22691*n - 526590. What is the hundreds digit of n?
5
Let r = -27 - -45. Let s be 4 - (-3)/1 - (-11 + 20). Let w = r + s. What is the tens digit of w?
1
Suppose 22*w = -247 + 1831. What is the tens digit of 91611/w - (-3)/(-8)?
7
Suppose -4*h - 16 = -4*s, 8*h - 16 = s + 3*h. Suppose 3972 = s*z - 3*z. What is the units digit of z?
2
Let y = 6852 - 2839. What is the thousands digit of y?
4
Let n(t) be the first derivative of -151*t**2/2 + 41*t + 79. What is the tens digit of n(-6)?
4
Let f(y) = 291*y**3 - 29*y**2 - y + 3. What is the units digit of f(2)?
3
Suppose 171*p - 174*p + 12 = 0. Suppose q + p*r - 240 = 0, -7*q - 435 = -9*q + r. What is the tens digit of q?
2
Suppose 3*x = -2*i - 53 - 67, 3*i - 5*x = -199. What is the units digit of (i/3)/(6/(-124))?
4
Suppose 4*o + 696*t = 697*t + 124768, -3*o + t + 93576 = 0. What is the thousands digit of o?
1
Let d = -254 - -109. Let j = 722 + -433. Let o = d + j. What is the units digit of o?
4
Let r(x) = 19*x**2 + x + 198. What is the units digit of r(-16)?
6
What is the hundreds digit of (-136 - -57505) + (1 - (1 - 1)) + -9?
3
Let z = -2862 - -3036. What is the units digit of z?
4
Suppose 24 = 5*c - 6, 0 = -4*d + c + 51622. What is the units digit of d?
7
Let z = -92 + 90. What is the tens digit of (-1)/z - (1575/(-6) - 2)?
6
Let w(c) = 1. Let l(r) = 2*r**2 - 30*r + 17. Let n(u) = l(u) - 4*w(u). What is the tens digit of n(18)?
2
Let h = 187 + -171. What is the units digit of (-4)/h*0 - -2?
2
Let x = -29051 - -70256. What is the tens digit of (-14)/(-4) + x/30?
7
Let a be (-16)/(-7) - 4/14. Let n = 53 + a. Suppose 3*x - 27 = -j + 13, 4*x = -j + n. What is the units digit of x?
5
Let s(t) = 377*t**2 - 17*t - 34. Let g be s(-2). Let x(u) = -u**3 - 9*u**2 - 9*u - 8. Let z be x(-8). Suppose 5*l - g + 408 = z. What is the tens digit of l?
2
Let r = 2729 - 1907. Suppose -22 = 5*j - r. What is the units digit of j?
0
Suppose -10*n = 8*n - 10245 - 121587. What is the units digit of n?
4
Suppose 967*r - 996*r + 269033 = 0. What is the thousands digit of r?
9
Let h = -27 + 48. Suppose 0 = 5*n + 2*m - 4*m - 9, -5*n = 2*m - h. Suppose 5*i + n*j - 137 = 76, -2*j + 82 = 2*i. What is the units digit of i?
5
Let b(w) be the first derivative of -15*w + 6*w**2 + 0 + w - 34 - 20*w**2. What is the hundreds digit of b(-6)?
1
What is the hundreds digit of 3/(-9) - ((-12)/26 - 30855102/1989)?
5
Suppose 0 = 5*d + 5 - 25. Suppose 2*w + 595 - 697 = 3*h, -2*w = -h - 90. What is the tens digit of ((w/d)/(-3))/(5/(-170))?
1
Let t(j) = -160*j**3 - j**2 - 2*j - 2. What is the thousands digit of t(-3)?
4
Suppose -w + 0*w - 5*c + 296 = 0, -5*w + 1424 = -3*c. Suppose 6*q - w = 4*q + 4*v, -3*q = 3*v - 420. Suppose -4*s + q = 33. What is the units digit of s?
7
Suppose 0*f - 31 = -5*f + 2*n, 2*f + 3*n - 1 = 0. Let j(x) = -12*x + 37. Let w be j(f). Let h = w - -62. What is the tens digit of h?
3
Suppose 3*y = -5*z + 176272, -83*y + 82*y + 35252 = z. What is the units digit of z?
8
Let i(x) = -6*x - 1. Suppose -5*c - 25 = 5*o, 33 - 9 = -2*c + 5*o. What is the tens digit of i(c)?
4
Suppose -k = 4*l - l + 1839, -3*l - 1839 = 2*k. Let x = l + 1034. Suppose 2*t + 10*j - x = 5*j, -4*j - 856 = -4*t. What is the hundreds digit of t?
2
Let u = 82 + -67. What is the hundreds digit of 12/u + (-17328)/(-40)?
4
Let y(j) = -763*j**3 + 4*j**2 + 13*j - 2. What is the thousands digit of y(-2)?
6
Let k be (2/(-6) + 22/(-33))*-944. Let h = k + -460. What is the units digit of h?
4
Suppose -3*s = -4*z - 786, -2*s + s - 4*z + 246 = 0. Let f(r) = -5*r + 7. Let d be f(-7). Suppose 4*j - d = s. What is the tens digit of j?
7
Suppose 4*a = -2*a + 24. Let x = 0 + a. What is the units digit of (-2 + 8/2)/(x/254)?
7
Suppose 0 = 238*k - 134*k - 1594424. What is the tens digit of k?
3
Suppose -4*u - 20 = 5*j, -u + 14 = -3*j + 2. Let x be 2 - (2 - -2)/j. Suppose 18 = x*v - 144. What is the tens digit of v?
5
Suppose -12*o + 8*o + 6364 = 8*i, 4*o - 3976 = -5*i. What is the tens digit of i?
9
Let w(t) = 9*t**2 + 35*t + 685. What is the thousands digit of w(-27)?
6
Suppose -754 = 2*x + 4*v, 1737 = -3*x - 2*v + 622. Let i = -347 - x. What is the units digit of i?
2
Let m be 0/(-1) + 3 + 1 + 2. Suppose 0 = -m*q + 676 - 268. What is the units digit of q?
8
Let b = 6446 + 23338. What is the tens digit of b?
8
Let d = 23219 + -15815. What is the hundreds digit of d?
4
Suppose 88*j = 77*j - 44. What is the tens digit of 400 + j + 12 + -9?
9
Let z = -86527 - -122033. What is the units digit of z?
6
Suppose -8*a = -5313 - 4775. Let f = a + -214. What is the units digit of f?
7
Suppose 752*s - 61303 = 741*s. What is the tens digit of s?
7
Let v = -7 - -16. Suppose v + 47 = -2*d. What is the tens digit of (-567)/d - 1/4?
2
Suppose -7*j + 1 = -27. Suppose -j*u = 4*p - 2112, -2 + 6 = u. What is the tens digit of p?
2
Let r(a) be the second derivative of 9/2*a**3 - 9*a + 0 + 4*a**2. What is the units digit of r(6)?
0
Let n(t) = -81*t**2 + 6*t - 11. Let l be n(2). Let a = -68 - l. What is the tens digit of a?
5
What is the te